 + p**3 + 24 + 17*p. Is r(0) composite?
False
Let l be (-2 + 3 - 8461) + 20 + -17. Let p = l - -12274. Is p a composite number?
True
Is 166*1*(3660/24 + -6) composite?
True
Let l be (-90)/(-16) - (-27)/72. Suppose -l*t = -8*t - 72. Let i = 1 - t. Is i a composite number?
False
Suppose 7381887 = 25*f - 9321188. Is f a composite number?
True
Suppose 4 = 5*b - 26. Suppose b*h = 4*h + 44642. Is h/39 - (-2)/3 composite?
True
Let l be 8/28 + 1/((-42)/12). Suppose 11*h - 29*h + 45378 = l. Is h prime?
True
Suppose l = -x - 0*l + 2, 4 = -4*l. Let j(a) be the third derivative of 11*a**5/60 + a**4/8 - 5*a**3/6 - 5*a**2. Is j(x) prime?
True
Suppose k + 3*j + 13 = 0, 0 = -2*k - 0*j + 4*j + 24. Suppose -k*c + 919 + 339 = 4*h, -4*c + 2526 = -2*h. Is c composite?
False
Let c(o) = 2561*o**2 + 134*o + 1842. Is c(-17) prime?
True
Suppose -2*z = 4, 0*z + 85 = 3*k + z. Suppose 2*a - 12 - 20 = -3*v, -a + k = -5*v. Let q = 60 + a. Is q prime?
True
Let v be 2/(-6) + 34/102. Suppose y - 42*y + 36367 = v. Is y a composite number?
False
Suppose 0 = 6*j + 12. Let h be j/(-2 - 21240/(-10617)). Let u = 7300 + h. Is u composite?
False
Suppose 0 = -358*n + 363*n - 47665. Is n prime?
True
Suppose 8*w - 12*w = 0. Let x be (3 - 23)*(w + -37). Let k = 227 + x. Is k prime?
True
Let d = 173702 + -32749. Is d a composite number?
True
Let m = 311038 + -199505. Is m composite?
False
Let c(v) = 2*v**2 + 45*v + 28. Let b = -274 + 241. Is c(b) a prime number?
False
Let h(g) = 1796*g**2 + 49*g - 457. Is h(10) a prime number?
True
Let v(y) = 127*y**2 + y + 2. Suppose -2*n + 5*t = 11, -4*n - 2*t - 3*t + 23 = 0. Let m be v(n). Suppose -10 = 2*b - 4*b, 3*r = -b + m. Is r a prime number?
False
Let k(s) = -s**2 - 9*s - 3. Let h be k(-6). Suppose h*x - 2185 = 5345. Is x composite?
True
Let i(u) = -11*u - 56. Let a(g) = 11*g + 55. Let z(n) = -5*a(n) - 4*i(n). Let t be (6 + 6)*(3/(-2) + 1). Is z(t) a prime number?
False
Let p be ((-34496)/40)/(-14) - (-4)/10. Suppose 81*o = p*o + 947093. Is o prime?
False
Let w = -151358 + 223941. Is w a composite number?
True
Suppose 3*j - 19*s - 95 = -21*s, 0 = 5*j - 4*s - 151. Suppose -39*d + j*d + 10888 = 0. Is d a prime number?
True
Suppose 13*w = 18*w + 3*q - 202171, -2*w + 80874 = 4*q. Is w composite?
False
Let p(o) = -o**3 + 23*o**2 + 3*o - 20. Suppose l + 43 - 45 = 0. Suppose 5*u = -2*t + l, 4*u + 27 = 3*t - 2*t. Is p(t) composite?
True
Let z = 20481 - 5970. Suppose 0 = -0*g + g - 4, -g = -5*b + z. Suppose 0 = w + 4*x - b, 0 = w + 3*x - 162 - 2743. Is w composite?
True
Let f(g) = 6 - 12 + 367*g**3 + 2 + 3 + 4*g - 4*g**2. Is f(2) composite?
False
Is 2/((-24)/(-182132))*(11 + -8) prime?
True
Let x(t) = -3264*t + 6683. Is x(-42) composite?
True
Let b(l) = -3667*l**3 - l**2 + l - 2. Let j be b(1). Let n = j - -6596. Is n a composite number?
False
Suppose 0 = -3*n - 3*w - 21, 0 = n + 4*n - 2*w + 21. Let d be (0 - n) + -4 - -1. Suppose 3*c - 2173 = d*f + 5138, 3*c - 7311 = 5*f. Is c a prime number?
True
Is 872405*(2/((-50)/65) + -1 + 4) composite?
True
Let h = 4 + 2. Let l(u) = 2*u**3 + 13*u**2 - 2*u + 38. Let y be l(-7). Suppose h*d - 7009 = d + y*a, 2*a = 4*d - 5608. Is d a prime number?
False
Suppose 0 = 2*p + 5*j - 2955, 125*p + 2976 = 127*p - 2*j. Suppose 0*b - 20 = -5*b, -v - 3*b = 1022. Let i = p + v. Is i composite?
True
Let l(w) = 5*w**2 + 229*w + 21. Is l(50) prime?
True
Let q(t) = -6. Let w(b) = -84*b + 55. Let d(k) = -2*q(k) - w(k). Suppose -3*f = 2*f - 50. Is d(f) a prime number?
True
Let s be 10/(-6)*-3 - 2. Suppose -193 = -2*c + 5*d, 0 = -c + 2*d + 3*d + 89. Is 2/(-3) + c/s a prime number?
False
Let s = -25 + 19. Let k be s + (-5)/(-1) - -506. Let r = -238 + k. Is r a prime number?
False
Let z(a) = -27*a**3 - 114*a**2 + 41*a - 31. Let d(t) = 41*t**3 + 171*t**2 - 61*t + 47. Let b(h) = -5*d(h) - 8*z(h). Is b(6) composite?
True
Suppose 29 = 2*l + 147. Let p = l + 67. Suppose 0 = -2*c - 10, 5*w + 1691 = p*w - 4*c. Is w a composite number?
False
Suppose -162921 = -2*f - 2*t + 145187, -4*f + 616207 = t. Is f prime?
False
Let p = -160529 - -619392. Is p a prime number?
True
Let r(x) = 345741*x**2 + 71*x - 141. Is r(2) prime?
False
Suppose -2*k = 3*u - 69034, 0 = -4*u + 16. Is k composite?
False
Suppose 142*g - 1801610 = -409158. Is g a prime number?
False
Let t(w) = -2*w. Let b be t(0). Suppose -d - 1 = b, -8 = j - 4*d + 8. Let a(v) = v**3 + 20*v**2 - 5*v + 27. Is a(j) a prime number?
True
Suppose -4*l - 4 = 0, -5*l + 28179 + 2466559 = 3*t. Is t prime?
False
Let b = 2191 - 4143. Is (-1 + b/(-40))*25 composite?
True
Let c = 27527 + 8144. Is c a composite number?
False
Let i be 2 + (3 - (3 - -3)). Is 11/(-33)*(-13478 + i) composite?
False
Let n = 215428 - 145443. Is n prime?
False
Let h = 40 - 57. Let r(i) = -13*i + 28. Let g be r(h). Suppose 2*y = 5*y - g. Is y a composite number?
False
Suppose -r = -2*k - 17358 - 48779, 330673 = 5*r - 4*k. Is r a prime number?
False
Let s = 24965 + 10006. Is s composite?
True
Suppose 3*x - x + 12 = 0. Let m(j) = -j**3 - 7*j**2 - 6*j. Let u be m(x). Is 0 + 223 + (0 + u)/2 composite?
False
Let d = 469063 + -324504. Is d prime?
False
Let s = -121997 - -217134. Is s a composite number?
True
Let o(d) = 304*d + 25. Suppose 0 = -4*i - 4*r - 2 + 66, 2*i - 4*r = 2. Let b be o(i). Let l = -1810 + b. Is l composite?
False
Let f(r) = r**2 - 13*r - 79. Suppose -13*t + 27*t - 448 = 0. Is f(t) composite?
True
Let c be (-1)/(-1 + 3 - 40/24). Let p be 1/c - (-78)/18. Is 26292/132 - p*(-1)/(-22) a prime number?
True
Suppose -40*x - 29*x + 7770021 = 0. Is x a composite number?
True
Suppose 0 = 5*y + 151 + 109. Let j = y - -56. Is (7940/16 + 2)*j a prime number?
True
Suppose -5*h = -2*d - 2*h - 2, -d - 2*h + 13 = 0. Let a(n) = -2*n**2 + 12*n - 7. Let p be a(d). Suppose -p*s + 2288 = 527. Is s prime?
True
Suppose -26*h = -7*h - 38. Is 32464 - ((-3)/h)/(2/4) a prime number?
True
Let n = 183918 + 81533. Is n prime?
True
Suppose 2*c = -q - 4*q - 5, -q = 4*c - 17. Suppose -5*d + 5*n + c = 0, 3*n = 4 + 11. Is 468 + 3/18 + 5/d composite?
True
Let x = -139730 + 285241. Is x a prime number?
True
Let i(w) = w**3 + 9*w**2 - 12*w + 12. Let q be i(-9). Let y = q + -108. Suppose 0 = y*c + 13301 - 42737. Is c prime?
False
Let m(j) = -5498*j**3 - 4*j**2 - j - 3. Let l(i) = -i**3 + 7*i**2 + 9*i - 10. Let q be l(8). Let d be m(q). Suppose 7*p - d = -4*p. Is p composite?
True
Let o = 58 - -18. Let i be ((-1)/2)/((-2)/(-16)). Is 1/(((-16)/o)/i) a composite number?
False
Let j(z) = -16212*z - 1483. Is j(-11) prime?
True
Let m(q) be the first derivative of 299*q**3 - q**2/2 + 11*q - 132. Is m(3) prime?
True
Let m(l) = -l**3 + 8*l**2 + l. Let n be m(3). Suppose -116 = -t + n. Let y = 633 + t. Is y a prime number?
True
Let d = -192639 - -458516. Is d composite?
True
Let b(c) = -117*c**3 - 3*c**2 + 4*c + 2. Let d be b(2). Let a = d - -1524. Is a composite?
True
Is 11825*7 + (-21)/6*(-96)/(-56) a composite number?
True
Let w(x) = -93*x**2 + 285*x - 3. Let z be w(3). Let r = 3 - -1. Is r + z/(-3) + 56 a composite number?
True
Let h be 12471497/329 + 6/(-21). Let u = h - 17334. Is u prime?
False
Let z be (75598/(-6))/(7/(-21)). Is (1*-2)/((-2)/z) composite?
False
Is ((-44397)/12 + -3)/((-189)/14868) composite?
True
Let s(h) = -20*h + 20. Let p be s(15). Let w = 448 - p. Suppose -3*f + 1401 = -3*r, -f = -2*r - w + 263. Is f composite?
True
Let h(o) = -100*o + 29. Let p be h(-4). Let q = -20 + p. Is q a composite number?
False
Suppose s = 5, -36514 = -o - s - 4872. Is o a composite number?
True
Suppose 0 = 90*b + 22*b - 3147530 - 4503302. Is b a composite number?
False
Suppose 3*z = -3*o + 18, -o + z + 9 = o. Suppose -4*v = -2*v - 3*y - 16679, 4*v - o*y = 33359. Is v composite?
True
Let j(s) = 119*s**2 - 189 + 4*s + 163 + 168*s**2. Is j(5) a composite number?
True
Let t(p) = 1118*p**2 - 350*p + 9. Is t(5) prime?
True
Let v be ((-64)/12 + 2)*(-45270)/150. Let p be (1 - -7)/((-2)/(-140)). Let k = v - p. Is k a composite number?
True
Let m = -347478 - -527512. Is m a prime number?
False
Suppose 3*k - 12448 = -2572. Suppose -2191 = -w - 4*m, 1107 - k = -w - 2*m. Is w a composite number?
False
Let h(b) = 35*b**2 - 30*b - 11. Let q be h(-11). Let s be -1 + (0/2 - -7). Suppose -s*p + 5010 = -q. Is p composite?
True
Suppose p - 3 = 2. Let o = 1743 - -1909. Suppose o = -w